{"id":666,"date":"2019-01-26T13:07:03","date_gmt":"2019-01-26T13:07:03","guid":{"rendered":"https:\/\/maendeleo.ch\/wordpress\/?page_id=666"},"modified":"2022-12-01T14:09:24","modified_gmt":"2022-12-01T12:09:24","slug":"spenden","status":"publish","type":"page","link":"https:\/\/maendeleo.ch\/wordpress\/spenden\/","title":{"rendered":"Spenden"},"content":{"rendered":"\t\t<div data-elementor-type=\"wp-page\" data-elementor-id=\"666\" class=\"elementor elementor-666\" data-elementor-post-type=\"page\">\n\t\t\t\t\t\t<section class=\"elementor-section elementor-top-section elementor-element elementor-element-3846365f elementor-section-boxed elementor-section-height-default elementor-section-height-default\" data-id=\"3846365f\" data-element_type=\"section\" data-e-type=\"section\">\n\t\t\t\t\t\t<div class=\"elementor-container elementor-column-gap-default\">\n\t\t\t\t\t<div class=\"elementor-column elementor-col-100 elementor-top-column elementor-element elementor-element-69ef671\" data-id=\"69ef671\" data-element_type=\"column\" data-e-type=\"column\">\n\t\t\t<div class=\"elementor-widget-wrap elementor-element-populated\">\n\t\t\t\t\t\t<div class=\"elementor-element elementor-element-6783200d elementor-widget elementor-widget-text-editor\" data-id=\"6783200d\" data-element_type=\"widget\" data-e-type=\"widget\" data-widget_type=\"text-editor.default\">\n\t\t\t\t<div class=\"elementor-widget-container\">\n\t\t\t\t\t\t\t\t\tMit ihrer Spende an den Verein Maendeleo unterst\u00fctzen Sie vor allem unser Hauptprojekt, die Primarschule Milondola in Ikoma. Wir bedanken uns bei allen <a href=\"https:\/\/maendeleo.ch\/wordpress\/index.php\/aktionen\/\" target=\"_blank\" rel=\"noopener\">G\u00f6nnern<\/a> ganz herzlich!\n\n<a href=\"https:\/\/stiftungen.stiftungschweiz.ch\/organizations\/19663\" target=\"_blank\" rel=\"noopener\">Spenden via Stiftung Schweiz<\/a>\n\noder\n\n\u00dcberweisung Ihrer Spende auf unser Vereinskonto:\n\n<strong>PC 85 \u2013 63736 \u2013 4\u00a0 <\/strong>\n\n<strong>Verein Maendeleo, 8500 Frauenfeld<\/strong>\n\n<strong>IBAN\u00a0\u00a0\u00a0\u00a0 CH87 0900 0000 8506 3736 4<\/strong>\n\nWenn Ihre Spende einer bestimmten Aufgabe in unsrer Arbeit im Kongo zukommen soll, so vermerken Sie das auf dem Einzahlungsschein oder kontaktieren Sie uns. Beispiele w\u00e4ren: Beitrag f\u00fcr den geplanten Neubau, Schulgeld &amp; Schuluniform f\u00fcr ein Waisenkind, Zustupf zu den Lehrerl\u00f6hnen.\n\nIhre Spenden fliessen zu fast 100 Prozent in die Projekte. Der Verein Maendeleo arbeitet freiwillig, einzig die Mitglieder des lokalen Partners \u201eAssociation Milondola\u201c erhalten eine j\u00e4hrliche Pr\u00e4mie.\n\nSeit Anfang 2013 ist der Verein von der Steuer befreit, Sie k\u00f6nnen Ihre Spende auf Ihrer Steuererkl\u00e4rung geltend machen. Ab 50 Franken verdanken wir Ihre Spende, wenn wir Ihre Adresse vollst\u00e4ndig erhalten haben.\n\nW\u00fcnschen sie den pers\u00f6nlichen Kontakt mit uns? Dann melden Sie sich bei einer der folgenden Adressen:\n\nper Post: Verein Maendeleo,\u00a0Industriestrasse 21,\u00a08500 Frauenfeld\n\nper E-Mail:\u00a0\u00a0<a href=\"mailto:%20hansjoerg.enz@gmail.com\">hansjoerg.enz@gmail.com\u00a0<\/a>ode<a href=\"mailto:%20info@maendeleo.ch\">r info@maendeleo.ch<\/a>\n\n<a href=\"https:\/\/maendeleo.ch\/wordpress\/index.php\/aktionen\/\" target=\"_blank\" rel=\"noopener noreferrer\"><strong>Woher kommen die Spenden: <\/strong><\/a>\n\nJedes Jahr erhalten wir etwa 10 000 &#8211; 15 000\u00a0Franken an Spenden von privaten G\u00f6nnern. Der Bau des Schulhauses und das Landwirtschaftsprojekt Milondola-Agro wurden unterst\u00fctzt von der Florindon-Stiftung und der Stadt Frauenfeld. Vor 10 Jahren fand an der Sekundarschule Auen die Aktion \u201eEine Schule f\u00fcr Ikoma\u201c statt, es wurden von den damaligen Sch\u00fclerInnen symbolische Backsteine f\u00fcr die Schule in Ikoma verkauft. Ein gr\u00f6sserer Beitrag kam von den Gr\u00fcndern des Vereins.\n\n<strong>Wof\u00fcr brauchen wir die Spenden<\/strong>\n\nDie Vereinsmitglieder arbeiten unentgeltlich, sie bezahlten bisher auch die Projektreisen. Kosten fallen an f\u00fcr Bank- und Postspenden und etwas Werbematerial.\n\n\u00dcber 98% des Geldes schicken wir in den Kongo. Umgesetzt werden die Arbeiten von der Partner-Organisation <strong>Fondation Milondola<\/strong>, die wir 2009 gegr\u00fcndet haben. Bei Besuchen vor Ort pr\u00fcfen wir den Fortgang der Arbeiten, besprechen neue Projekte und erarbeiten ein Budget f\u00fcr das n\u00e4chste Jahr. Daf\u00fcr waren Anita und Hansj\u00f6rg Enz im November\/Dezember 2018 fast einen Monat im Kongo. Mit regelm\u00e4ssigen Kontakten per Telefon und Skype halten wir uns auf dem Laufenden.<span>\u00a0 <\/span>\n\nDie einheimischen Partner f\u00fchren eine Buchhaltung und belegen die Ausgaben mit Quittungen, die Bruno Fink, unser Kassier, jeweils pr\u00fcft. Die Mitglieder der Fondation erhalten keinen Lohn, sondern eine j\u00e4hrliche Pr\u00e4mie. Sie haben alle ein f\u00fcr kongolesische Verh\u00e4ltnisse rechtes Einkommen aus ihrer Berufsarbeit. Sie sehen ihre Arbeit auch als Beitrag zur Entwicklung ihres Landes. Zurzeit haben wir eine sehr stabile Organisation vor Ort, mit einem sehr pflichtbewussten Buchhalter.\t\t\t\t\t\t\t\t<\/div>\n\t\t\t\t<\/div>\n\t\t\t\t\t<\/div>\n\t\t<\/div>\n\t\t\t\t\t<\/div>\n\t\t<\/section>\n\t\t<div class=\"elementor-element elementor-element-d9009e2 e-flex e-con-boxed e-con e-parent\" data-id=\"d9009e2\" data-element_type=\"container\" data-e-type=\"container\">\n\t\t\t\t\t<div class=\"e-con-inner\">\n\t\t\t\t<div class=\"elementor-element elementor-element-6e54c53 elementor-widget elementor-widget-image\" data-id=\"6e54c53\" data-element_type=\"widget\" data-e-type=\"widget\" data-widget_type=\"image.default\">\n\t\t\t\t<div class=\"elementor-widget-container\">\n\t\t\t\t\t\t\t\t\t\t\t\t\t\t\t<img fetchpriority=\"high\" decoding=\"async\" width=\"750\" height=\"363\" src=\"https:\/\/maendeleo.ch\/wordpress\/wp-content\/uploads\/2022\/12\/EZ-mit-QR.jpg\" class=\"attachment-large size-large wp-image-8428\" alt=\"\" srcset=\"https:\/\/maendeleo.ch\/wordpress\/wp-content\/uploads\/2022\/12\/EZ-mit-QR.jpg 813w, https:\/\/maendeleo.ch\/wordpress\/wp-content\/uploads\/2022\/12\/EZ-mit-QR-300x145.jpg 300w, https:\/\/maendeleo.ch\/wordpress\/wp-content\/uploads\/2022\/12\/EZ-mit-QR-768x371.jpg 768w\" sizes=\"(max-width: 750px) 100vw, 750px\" \/>\t\t\t\t\t\t\t\t\t\t\t\t\t\t\t<\/div>\n\t\t\t\t<\/div>\n\t\t\t\t\t<\/div>\n\t\t\t\t<\/div>\n\t\t\t\t<\/div>\n\t\t","protected":false},"excerpt":{"rendered":"<p>Mit ihrer Spende an den Verein Maendeleo unterst\u00fctzen Sie vor allem unser Hauptprojekt, die Primarschule Milondola in Ikoma. Wir bedanken uns bei allen G\u00f6nnern ganz herzlich! Spenden via Stiftung Schweiz oder \u00dcberweisung Ihrer Spende auf unser Vereinskonto: PC 85 \u2013 63736 \u2013 4&nbsp; Verein Maendeleo, 8500 Frauenfeld IBAN&nbsp;&nbsp;&nbsp;&nbsp; CH87 0900 [&hellip;]<\/p>\n","protected":false},"author":1,"featured_media":169,"parent":0,"menu_order":0,"comment_status":"closed","ping_status":"closed","template":"","meta":{"footnotes":""},"class_list":["post-666","page","type-page","status-publish","has-post-thumbnail","hentry"],"_links":{"self":[{"href":"https:\/\/maendeleo.ch\/wordpress\/wp-json\/wp\/v2\/pages\/666","targetHints":{"allow":["GET"]}}],"collection":[{"href":"https:\/\/maendeleo.ch\/wordpress\/wp-json\/wp\/v2\/pages"}],"about":[{"href":"https:\/\/maendeleo.ch\/wordpress\/wp-json\/wp\/v2\/types\/page"}],"author":[{"embeddable":true,"href":"https:\/\/maendeleo.ch\/wordpress\/wp-json\/wp\/v2\/users\/1"}],"replies":[{"embeddable":true,"href":"https:\/\/maendeleo.ch\/wordpress\/wp-json\/wp\/v2\/comments?post=666"}],"version-history":[{"count":11,"href":"https:\/\/maendeleo.ch\/wordpress\/wp-json\/wp\/v2\/pages\/666\/revisions"}],"predecessor-version":[{"id":8432,"href":"https:\/\/maendeleo.ch\/wordpress\/wp-json\/wp\/v2\/pages\/666\/revisions\/8432"}],"wp:featuredmedia":[{"embeddable":true,"href":"https:\/\/maendeleo.ch\/wordpress\/wp-json\/wp\/v2\/media\/169"}],"wp:attachment":[{"href":"https:\/\/maendeleo.ch\/wordpress\/wp-json\/wp\/v2\/media?parent=666"}],"curies":[{"name":"wp","href":"https:\/\/api.w.org\/{rel}","templated":true}]}}