{"id":432,"date":"2018-10-04T08:39:58","date_gmt":"2018-10-04T08:39:58","guid":{"rendered":"https:\/\/maendeleo.ch\/wordpress\/?page_id=432"},"modified":"2018-10-06T10:55:13","modified_gmt":"2018-10-06T10:55:13","slug":"2012-2","status":"publish","type":"page","link":"https:\/\/maendeleo.ch\/wordpress\/archiv\/2012-2\/","title":{"rendered":"2012"},"content":{"rendered":"<p><strong>Praxisunterricht und Eigenfinanzierung 3. Etappe 2012\/13<\/strong><br \/>\nEtwa die H\u00e4lfte der Sch\u00fclerInnen verl\u00e4sst die Schule nach 6 Schuljahren. Um ihnen etwas Zukunftschancen zu geben, beginnen wir dieses Jahr mit Praxisunterricht in Ackerbau und Handarbeit. Fernziel ist, dass wir einen Teil der Schulabg\u00e4nger weiter begleiten und ihre handwerklichen F\u00e4higkeiten entwickeln.<\/p>\n<p><strong>Besuch der Schule am 18. Februar 2012<br \/>\n<img fetchpriority=\"high\" decoding=\"async\" src=\"https:\/\/maendeleo.ch\/wordpress\/wp-content\/uploads\/2018\/10\/agro01_web.jpg\" alt=\"\" width=\"548\" height=\"412\" class=\"alignnone size-full wp-image-483\" srcset=\"https:\/\/maendeleo.ch\/wordpress\/wp-content\/uploads\/2018\/10\/agro01_web.jpg 548w, https:\/\/maendeleo.ch\/wordpress\/wp-content\/uploads\/2018\/10\/agro01_web-300x226.jpg 300w\" sizes=\"(max-width: 548px) 100vw, 548px\" \/><br \/>\n<\/strong>Ich habe die Schule Milondola besucht, um mit den Mitgliedern der Fondation Milondola und dem Schulteam die Weiterarbeit zu besprechen. Ich war begeistert. Alle Sch\u00fcler und Lehrpersonen kamen trotz Ferien zur Schule.<br \/>\nDie grosse Ver\u00e4nderung seit meinem letzten Besuch war, dass der Schulhof terrassiert ist und dass eine Sickergrube f\u00fcr die Latrine erstellt wurde. Seit Mitte 2011 k\u00f6nnen die Kinder die Latrine nutzen, die Oxfam Canada der Schule geschenkt hat.<br \/>\nIm Januar 2012 hat die Association Milondola ein St\u00fcck Land gekauft. Hier wird ein Schulgarten entstehen, wo wir die Kinder der oberen Klasse mit Anbaumethoden bekannt machen. Auch eine Ziegenzucht\u00a0 ist hier geplant.<\/p>\n<p><strong>Besuch der Schule im August 2012<br \/>\n<img decoding=\"async\" src=\"https:\/\/maendeleo.ch\/wordpress\/wp-content\/uploads\/2018\/10\/milondola03_web.jpg\" alt=\"\" width=\"431\" height=\"284\" class=\"alignnone size-full wp-image-517\" srcset=\"https:\/\/maendeleo.ch\/wordpress\/wp-content\/uploads\/2018\/10\/milondola03_web.jpg 431w, https:\/\/maendeleo.ch\/wordpress\/wp-content\/uploads\/2018\/10\/milondola03_web-300x198.jpg 300w\" sizes=\"(max-width: 431px) 100vw, 431px\" \/><\/strong><br \/>\nAm 4. August 2012 besuchten Anita, Kaspar und Hansj\u00f6rg Enz die Schule in Ikoma. Es waren gerade Sommerferien, also trafen wir keine Kinder an in der Schule. Unser Hauptanliegen war das Projekt Ackerbau. Der lokale Verein Milondola konnte eine halbe Hektare Land kaufen. Ziel ist es, darauf mit den Sch\u00fclern und den Eltern Erfahrungen mit neuen Methoden im Ackerbau zu machen. In Ikoma ist die Erde ausgelaugt durch Jahrhunderte langen intensiven Ackerbau. Eine Folge der hohen Bev\u00f6lkerungsdichte in dieser Gegend.<br \/>\nZusammen mit einem Agronomen werden wir versuchen aufzuzeigen, wie der Boden wieder fruchtbarer gemacht werden kann: durch Bepflanzung mit N\u00e4hrstoff spendenden Pflanzen in der Anfangsphase, D\u00fcngung aus Schaf und Meerschweinchen-Zucht etc.<br \/>\nWir sind guten Mutes, dass dieses Projekt bald von einem G\u00f6nner grossz\u00fcgig unterst\u00fctzt wird. Mehr davon erfahren sie auf Milondola-Agroprojekt.<br \/>\nWir trafen uns auch mit den LehrerInnen und Lehrern der Schule. Wir haben beschlossen, den Lehrpersonen ab sofort 45 statt 40 USD pro Monat Lohn zu zahlen und ihnen den Lohn auch in den Sommerferien auszurichten. Ebenfalls beschlossen wir, jeder Lehrperson ein Schaf zu schenken, damit sie etwas Zusatzeinkommen generieren k\u00f6nnen. Die Schaftzucht wird auch Teil des Projektes Milondola &#8222;Agro&#8220; sein.\u00a0Herzlichen Dank f\u00fcr Ihre Unterst\u00fctzung.<\/p>\n<p><strong>Zusatzeinkommen dank Tierzucht: 2012 Ziegen<br \/>\n<\/strong><img decoding=\"async\" src=\"https:\/\/maendeleo.ch\/wordpress\/wp-content\/uploads\/2018\/10\/agro04_web.jpg\" alt=\"\" width=\"548\" height=\"412\" class=\"alignnone size-full wp-image-486\" srcset=\"https:\/\/maendeleo.ch\/wordpress\/wp-content\/uploads\/2018\/10\/agro04_web.jpg 548w, https:\/\/maendeleo.ch\/wordpress\/wp-content\/uploads\/2018\/10\/agro04_web-300x226.jpg 300w\" sizes=\"(max-width: 548px) 100vw, 548px\" \/><br \/>\n2009 gab der Verein jeder Lehrperson 10 H\u00fchner. Die Idee war, dass sie durch H\u00fchnerzucht Zusatzeinkommen f\u00fcr sich und die Schule generieren. Um ihren Lohn aufzubessern und die Schule mitzufinanzieren, z\u00fcchten die Lehrpersonen seit 2010 H\u00fchner.\u00a0Nach einem ermutigenden Start schlug die H\u00fchnergrippe zu, nur wenige H\u00fchner haben \u00fcberlebt.<br \/>\n2012 starten wir einen neuen Versuch mit Ziegen. Ziegen sind einfach in der Haltung und versprechen gutes Einkommen. Ziegenfleisch ist das meist gegessene Fleisch auf dem Lande, eine Ziege kostet 50-70 Dollar.<br \/>\n<strong><img loading=\"lazy\" decoding=\"async\" src=\"https:\/\/maendeleo.ch\/wordpress\/wp-content\/uploads\/2018\/09\/ziegen-4.jpg\" alt=\"\" width=\"1620\" height=\"1080\" class=\"alignnone size-full wp-image-391\" srcset=\"https:\/\/maendeleo.ch\/wordpress\/wp-content\/uploads\/2018\/09\/ziegen-4.jpg 1620w, https:\/\/maendeleo.ch\/wordpress\/wp-content\/uploads\/2018\/09\/ziegen-4-300x200.jpg 300w, https:\/\/maendeleo.ch\/wordpress\/wp-content\/uploads\/2018\/09\/ziegen-4-768x512.jpg 768w, https:\/\/maendeleo.ch\/wordpress\/wp-content\/uploads\/2018\/09\/ziegen-4-1024x683.jpg 1024w, https:\/\/maendeleo.ch\/wordpress\/wp-content\/uploads\/2018\/09\/ziegen-4-360x240.jpg 360w\" sizes=\"(max-width: 1620px) 100vw, 1620px\" \/><\/strong><\/p>\n<p><strong>Stadt Frauenfeld unterst\u00fctzt Agro-Projekt<br \/>\n<\/strong><img loading=\"lazy\" decoding=\"async\" src=\"https:\/\/maendeleo.ch\/wordpress\/wp-content\/uploads\/2018\/10\/stadt-frauenfeld.jpg\" alt=\"\" width=\"800\" height=\"427\" class=\"alignnone size-full wp-image-590\" srcset=\"https:\/\/maendeleo.ch\/wordpress\/wp-content\/uploads\/2018\/10\/stadt-frauenfeld.jpg 800w, https:\/\/maendeleo.ch\/wordpress\/wp-content\/uploads\/2018\/10\/stadt-frauenfeld-300x160.jpg 300w, https:\/\/maendeleo.ch\/wordpress\/wp-content\/uploads\/2018\/10\/stadt-frauenfeld-768x410.jpg 768w\" sizes=\"(max-width: 800px) 100vw, 800px\" \/><br \/>\nIm Dezember hat der Stadtrat Frauenfeld beschlossen, den Verein Maendeleo w\u00e4hrend vier Jahren zu unterst\u00fctzen.<\/p>\n<p><strong>Effet sp\u00e9cial &#8211; jaulen lassen bringt mehr Geld als Gitarren bauen.<br \/>\n<img loading=\"lazy\" decoding=\"async\" src=\"https:\/\/maendeleo.ch\/wordpress\/wp-content\/uploads\/2018\/10\/zacar_04.jpg\" alt=\"\" width=\"800\" height=\"600\" class=\"alignnone size-full wp-image-537\" srcset=\"https:\/\/maendeleo.ch\/wordpress\/wp-content\/uploads\/2018\/10\/zacar_04.jpg 800w, https:\/\/maendeleo.ch\/wordpress\/wp-content\/uploads\/2018\/10\/zacar_04-300x225.jpg 300w, https:\/\/maendeleo.ch\/wordpress\/wp-content\/uploads\/2018\/10\/zacar_04-768x576.jpg 768w\" sizes=\"(max-width: 800px) 100vw, 800px\" \/><br \/>\n<\/strong>Seit 2008 unterst\u00fctzen wir Zakar. Er ist ein hervorragender Gitarrenbauer, aber ein ziemlich schlechter Verk\u00e4ufer seiner akustischen und elektrischen Gitarren. Der Herrgott &#8211; den er sehr oft zitiert &#8211; hat ihm geschickte H\u00e4nde, aber wenig Gesch\u00e4ftsinn gegeben. Wir haben Zakar Werkzeuge, Fichtendecken f\u00fcr Gitarren, Saiten in den Kongo gebracht, ihm geholfen, seine Gitarren zu verbessern und sie an Expats und Freunde in der Schweiz zu verkaufen. Seit ich (Hj. Enz) nur noch selten vor Ort bin, hapert sein Gesch\u00e4ft. 2012 fragte mich Zakar, ob ich ihm einen &#8222;effet sp\u00e9cial&#8220; aus der Schweiz mitbringen k\u00f6nne. Also kaufte ich f\u00fcr 100 Franken ein weisses K\u00e4stchen. Wenn man das zwischen die Gitarre und den Verst\u00e4rker h\u00e4ngt, so wuppert, jault oder regnet die Gitarre in speziellen\u00a0T\u00f6nen. Zakar war beim letzten Treffen ganz gl\u00fccklich. Beim Abschiednehmen fragte ich ich ihn: \u00a0&#8222;Zakar, du hast ja noch gar nicht gejammert.&#8220; Da meinte er: &#8222;Ist auch nicht n\u00f6tig, ich vermiete das K\u00e4stchen jedes Wochenende an Bands, f\u00fcr 20 USD pro Abend, davon kann ich mit meiner Familie gut leben.&#8220; Jetzt besitzt er bereits zwei\u00a0solch spezieller K\u00e4stchen, aber auch ein Kind mehr, Nummer 11!<br \/>\nZakar\u00a0baut weiterhin Gitarren. Interessiert? Kontaktieren Sie uns! Wir k\u00f6nnen Ihnen diese beiden\u00a0Zakar-Gitarren zeigen.\u00a0Zacars Gitarren erklingen in der Zwischenzeit in Bukavu, Kinshasa, Frauenfeld, New York. Das Klangholz f\u00fcr die Gitarren ist eine Spende der Schreinerei Roost, Frauenfeld.<br \/>\n<img loading=\"lazy\" decoding=\"async\" src=\"https:\/\/maendeleo.ch\/wordpress\/wp-content\/uploads\/2018\/10\/zacar_gitarren.jpg\" alt=\"\" width=\"800\" height=\"800\" class=\"alignnone size-full wp-image-538\" srcset=\"https:\/\/maendeleo.ch\/wordpress\/wp-content\/uploads\/2018\/10\/zacar_gitarren.jpg 800w, https:\/\/maendeleo.ch\/wordpress\/wp-content\/uploads\/2018\/10\/zacar_gitarren-150x150.jpg 150w, https:\/\/maendeleo.ch\/wordpress\/wp-content\/uploads\/2018\/10\/zacar_gitarren-300x300.jpg 300w, https:\/\/maendeleo.ch\/wordpress\/wp-content\/uploads\/2018\/10\/zacar_gitarren-768x768.jpg 768w\" sizes=\"(max-width: 800px) 100vw, 800px\" \/><\/p>\n<p><strong>Zumba-Party in Berg TG<br \/>\n<img loading=\"lazy\" decoding=\"async\" src=\"https:\/\/maendeleo.ch\/wordpress\/wp-content\/uploads\/2018\/10\/zumba_web.jpg\" alt=\"\" width=\"780\" height=\"514\" class=\"alignnone size-full wp-image-564\" srcset=\"https:\/\/maendeleo.ch\/wordpress\/wp-content\/uploads\/2018\/10\/zumba_web.jpg 780w, https:\/\/maendeleo.ch\/wordpress\/wp-content\/uploads\/2018\/10\/zumba_web-300x198.jpg 300w, https:\/\/maendeleo.ch\/wordpress\/wp-content\/uploads\/2018\/10\/zumba_web-768x506.jpg 768w\" sizes=\"(max-width: 780px) 100vw, 780px\" \/><\/strong><br \/>\nAn diesem Sonntagnachmittag traf sich eine sehr zahlreiche Schar Zumbat\u00e4nzerinnen und -t\u00e4nzer in der Mehrzweckhalle in Berg. Unter der Leitung von Sandra Alt wurde getanzt, was das Zeug h\u00e4lt. Das abwechslungsreiche Programm bot Bewegung und Spass f\u00fcr alt und jung. Wir danken Sandra Alt ganz herzlich f\u00fcr den tollen Einsatz und die Unterst\u00fctzung unseres Vereins.<\/p>\n<p><strong>Weihnachtsmarkt Thusis 2012<br \/>\n<img loading=\"lazy\" decoding=\"async\" src=\"https:\/\/maendeleo.ch\/wordpress\/wp-content\/uploads\/2018\/09\/markt_thusis_web.jpg\" alt=\"\" width=\"780\" height=\"494\" class=\"alignnone size-full wp-image-417\" srcset=\"https:\/\/maendeleo.ch\/wordpress\/wp-content\/uploads\/2018\/09\/markt_thusis_web.jpg 780w, https:\/\/maendeleo.ch\/wordpress\/wp-content\/uploads\/2018\/09\/markt_thusis_web-300x190.jpg 300w, https:\/\/maendeleo.ch\/wordpress\/wp-content\/uploads\/2018\/09\/markt_thusis_web-768x486.jpg 768w\" sizes=\"(max-width: 780px) 100vw, 780px\" \/><\/strong><br \/>\nBei klirrend kaltem Winterwetter<span>\u00a0<\/span>verkauften Andrea und Esther Fink\u00a0am Weihnachtsmarkt in Thusis GR\u00a0Selbstgebackenes und Selbstgemachtes. Der Stand war sch\u00f6n und die kleinen &#8222;Sachens\u00e4cheli&#8220; fanden Anklang.<\/p>\n","protected":false},"excerpt":{"rendered":"<p>Praxisunterricht und Eigenfinanzierung 3. Etappe 2012\/13 Etwa die H\u00e4lfte der Sch\u00fclerInnen verl\u00e4sst die Schule nach 6 Schuljahren. Um ihnen etwas Zukunftschancen zu geben, beginnen wir dieses Jahr mit Praxisunterricht in Ackerbau und Handarbeit. Fernziel ist, dass wir einen Teil der Schulabg\u00e4nger weiter begleiten und ihre handwerklichen F\u00e4higkeiten entwickeln. Besuch der [&hellip;]<\/p>\n","protected":false},"author":1,"featured_media":483,"parent":115,"menu_order":0,"comment_status":"closed","ping_status":"closed","template":"","meta":{"footnotes":""},"class_list":["post-432","page","type-page","status-publish","has-post-thumbnail","hentry"],"_links":{"self":[{"href":"https:\/\/maendeleo.ch\/wordpress\/wp-json\/wp\/v2\/pages\/432","targetHints":{"allow":["GET"]}}],"collection":[{"href":"https:\/\/maendeleo.ch\/wordpress\/wp-json\/wp\/v2\/pages"}],"about":[{"href":"https:\/\/maendeleo.ch\/wordpress\/wp-json\/wp\/v2\/types\/page"}],"author":[{"embeddable":true,"href":"https:\/\/maendeleo.ch\/wordpress\/wp-json\/wp\/v2\/users\/1"}],"replies":[{"embeddable":true,"href":"https:\/\/maendeleo.ch\/wordpress\/wp-json\/wp\/v2\/comments?post=432"}],"version-history":[{"count":9,"href":"https:\/\/maendeleo.ch\/wordpress\/wp-json\/wp\/v2\/pages\/432\/revisions"}],"predecessor-version":[{"id":594,"href":"https:\/\/maendeleo.ch\/wordpress\/wp-json\/wp\/v2\/pages\/432\/revisions\/594"}],"up":[{"embeddable":true,"href":"https:\/\/maendeleo.ch\/wordpress\/wp-json\/wp\/v2\/pages\/115"}],"wp:featuredmedia":[{"embeddable":true,"href":"https:\/\/maendeleo.ch\/wordpress\/wp-json\/wp\/v2\/media\/483"}],"wp:attachment":[{"href":"https:\/\/maendeleo.ch\/wordpress\/wp-json\/wp\/v2\/media?parent=432"}],"curies":[{"name":"wp","href":"https:\/\/api.w.org\/{rel}","templated":true}]}}